{"id":2429,"date":"2024-12-02T22:10:07","date_gmt":"2021-03-09T09:03:37","guid":{"rendered":"http:\/\/www.aufik.cz\/index.php\/about-us-2\/"},"modified":"2024-12-28T13:40:08","modified_gmt":"2024-12-28T12:40:08","slug":"kdo-jsem","status":"publish","type":"page","link":"https:\/\/www.aufik.cz\/index.php\/kdo-jsem\/","title":{"rendered":"Kdo jsem"},"content":{"rendered":"\t\t<div data-elementor-type=\"wp-page\" data-elementor-id=\"2429\" class=\"elementor elementor-2429\">\n\t\t\t\t<div class=\"elementor-element elementor-element-3f86017 e-grid e-con-boxed e-con e-parent\" data-id=\"3f86017\" data-element_type=\"container\">\n\t\t\t\t\t<div class=\"e-con-inner\">\n\t\t\t\t<div class=\"elementor-element elementor-element-bf66207 elementor-widget elementor-widget-image\" data-id=\"bf66207\" data-element_type=\"widget\" data-widget_type=\"image.default\">\n\t\t\t\t<div class=\"elementor-widget-container\">\n\t\t\t\t\t\t\t\t\t\t\t\t\t\t\t<img fetchpriority=\"high\" decoding=\"async\" width=\"302\" height=\"360\" src=\"https:\/\/www.aufik.cz\/wp-content\/uploads\/2024\/12\/Pavel1-1.jpg\" class=\"attachment-large size-large wp-image-2518\" alt=\"Pavel Ausfic\u00edr\" srcset=\"https:\/\/www.aufik.cz\/wp-content\/uploads\/2024\/12\/Pavel1-1.jpg 302w, https:\/\/www.aufik.cz\/wp-content\/uploads\/2024\/12\/Pavel1-1-252x300.jpg 252w\" sizes=\"(max-width: 302px) 100vw, 302px\" \/>\t\t\t\t\t\t\t\t\t\t\t\t\t\t\t<\/div>\n\t\t\t\t<\/div>\n\t\t\t\t<div class=\"elementor-element elementor-element-3860cd7 elementor-widget elementor-widget-text-editor\" data-id=\"3860cd7\" data-element_type=\"widget\" data-widget_type=\"text-editor.default\">\n\t\t\t\t<div class=\"elementor-widget-container\">\n\t\t\t\t\t\t\t\t\t<p>Zbran\u011b a st\u0159electv\u00ed m\u011b prov\u00e1zej\u00ed de facto cel\u00fd \u017eivot.<br \/>Zbran\u011b jako pracovn\u00ed n\u00e1stroj, kon\u00ed\u010dek i z\u00e1bava.<\/p><p>Roky nabyt\u00fdch zku\u0161enost\u00ed a dovednost\u00ed v\u00e1m chci p\u0159edat od p\u0159\u00edpravy ke zkou\u0161ce odborn\u00e9 zp\u016fsobilosti pro z\u00edsk\u00e1n\u00ed zbrojn\u00edho pr\u016fkazu a\u017e po kurzy zvy\u0161uj\u00edc\u00ed va\u0161e st\u0159eleck\u00e9 dovednosti.<\/p>\t\t\t\t\t\t\t\t<\/div>\n\t\t\t\t<\/div>\n\t\t\t\t\t<\/div>\n\t\t\t\t<\/div>\n\t\t\t\t<\/div>\n\t\t","protected":false},"excerpt":{"rendered":"<p>Zbran\u011b a st\u0159electv\u00ed m\u011b prov\u00e1zej\u00ed de facto cel\u00fd \u017eivot.Zbran\u011b jako pracovn\u00ed n\u00e1stroj, kon\u00ed\u010dek i z\u00e1bava. Roky nabyt\u00fdch zku\u0161enost\u00ed a dovednost\u00ed v\u00e1m chci p\u0159edat od p\u0159\u00edpravy ke zkou\u0161ce odborn\u00e9 zp\u016fsobilosti pro z\u00edsk\u00e1n\u00ed zbrojn\u00edho pr\u016fkazu a\u017e po kurzy zvy\u0161uj\u00edc\u00ed va\u0161e st\u0159eleck\u00e9 dovednosti.<\/p>\n","protected":false},"author":1,"featured_media":0,"parent":0,"menu_order":0,"comment_status":"closed","ping_status":"closed","template":"","meta":{"footnotes":""},"class_list":["post-2429","page","type-page","status-publish","hentry"],"yoast_head":"<!-- This site is optimized with the Yoast SEO plugin v26.1.1 - https:\/\/yoast.com\/wordpress\/plugins\/seo\/ -->\n<title>Kdo jsem - Aufik<\/title>\n<meta name=\"robots\" content=\"index, follow, max-snippet:-1, max-image-preview:large, max-video-preview:-1\" \/>\n<link rel=\"canonical\" href=\"https:\/\/www.aufik.cz\/index.php\/kdo-jsem\/\" \/>\n<meta property=\"og:locale\" content=\"cs_CZ\" \/>\n<meta property=\"og:type\" content=\"article\" \/>\n<meta property=\"og:title\" content=\"Kdo jsem - Aufik\" \/>\n<meta property=\"og:description\" content=\"Zbran\u011b a st\u0159electv\u00ed m\u011b prov\u00e1zej\u00ed de facto cel\u00fd \u017eivot.Zbran\u011b jako pracovn\u00ed n\u00e1stroj, kon\u00ed\u010dek i z\u00e1bava. Roky nabyt\u00fdch zku\u0161enost\u00ed a dovednost\u00ed v\u00e1m chci p\u0159edat od p\u0159\u00edpravy ke zkou\u0161ce odborn\u00e9 zp\u016fsobilosti pro z\u00edsk\u00e1n\u00ed zbrojn\u00edho pr\u016fkazu a\u017e po kurzy zvy\u0161uj\u00edc\u00ed va\u0161e st\u0159eleck\u00e9 dovednosti.\" \/>\n<meta property=\"og:url\" content=\"https:\/\/www.aufik.cz\/index.php\/kdo-jsem\/\" \/>\n<meta property=\"og:site_name\" content=\"Aufik\" \/>\n<meta property=\"article:modified_time\" content=\"2024-12-28T12:40:08+00:00\" \/>\n<meta property=\"og:image\" content=\"http:\/\/www.aufik.cz\/wp-content\/uploads\/2024\/12\/Pavel1-1.jpg\" \/>\n<meta name=\"twitter:card\" content=\"summary_large_image\" \/>\n<meta name=\"twitter:label1\" content=\"Odhadovan\u00e1 doba \u010dten\u00ed\" \/>\n\t<meta name=\"twitter:data1\" content=\"1 minuta\" \/>\n<script type=\"application\/ld+json\" class=\"yoast-schema-graph\">{\"@context\":\"https:\/\/schema.org\",\"@graph\":[{\"@type\":\"WebPage\",\"@id\":\"https:\/\/www.aufik.cz\/index.php\/kdo-jsem\/\",\"url\":\"https:\/\/www.aufik.cz\/index.php\/kdo-jsem\/\",\"name\":\"Kdo jsem - Aufik\",\"isPartOf\":{\"@id\":\"https:\/\/www.aufik.cz\/#website\"},\"primaryImageOfPage\":{\"@id\":\"https:\/\/www.aufik.cz\/index.php\/kdo-jsem\/#primaryimage\"},\"image\":{\"@id\":\"https:\/\/www.aufik.cz\/index.php\/kdo-jsem\/#primaryimage\"},\"thumbnailUrl\":\"http:\/\/www.aufik.cz\/wp-content\/uploads\/2024\/12\/Pavel1-1.jpg\",\"datePublished\":\"2021-03-09T09:03:37+00:00\",\"dateModified\":\"2024-12-28T12:40:08+00:00\",\"breadcrumb\":{\"@id\":\"https:\/\/www.aufik.cz\/index.php\/kdo-jsem\/#breadcrumb\"},\"inLanguage\":\"cs\",\"potentialAction\":[{\"@type\":\"ReadAction\",\"target\":[\"https:\/\/www.aufik.cz\/index.php\/kdo-jsem\/\"]}]},{\"@type\":\"ImageObject\",\"inLanguage\":\"cs\",\"@id\":\"https:\/\/www.aufik.cz\/index.php\/kdo-jsem\/#primaryimage\",\"url\":\"https:\/\/www.aufik.cz\/wp-content\/uploads\/2024\/12\/Pavel1-1.jpg\",\"contentUrl\":\"https:\/\/www.aufik.cz\/wp-content\/uploads\/2024\/12\/Pavel1-1.jpg\",\"width\":302,\"height\":360,\"caption\":\"Pavel Ausfic\u00edr\"},{\"@type\":\"BreadcrumbList\",\"@id\":\"https:\/\/www.aufik.cz\/index.php\/kdo-jsem\/#breadcrumb\",\"itemListElement\":[{\"@type\":\"ListItem\",\"position\":1,\"name\":\"Home\",\"item\":\"https:\/\/www.aufik.cz\/\"},{\"@type\":\"ListItem\",\"position\":2,\"name\":\"Kdo jsem\"}]},{\"@type\":\"WebSite\",\"@id\":\"https:\/\/www.aufik.cz\/#website\",\"url\":\"https:\/\/www.aufik.cz\/\",\"name\":\"Aufik\",\"description\":\"\",\"publisher\":{\"@id\":\"https:\/\/www.aufik.cz\/#\/schema\/person\/6542b56f49c45be6696e38393dbca330\"},\"potentialAction\":[{\"@type\":\"SearchAction\",\"target\":{\"@type\":\"EntryPoint\",\"urlTemplate\":\"https:\/\/www.aufik.cz\/?s={search_term_string}\"},\"query-input\":{\"@type\":\"PropertyValueSpecification\",\"valueRequired\":true,\"valueName\":\"search_term_string\"}}],\"inLanguage\":\"cs\"},{\"@type\":[\"Person\",\"Organization\"],\"@id\":\"https:\/\/www.aufik.cz\/#\/schema\/person\/6542b56f49c45be6696e38393dbca330\",\"name\":\"Pavel Ausfic\u00edr\",\"image\":{\"@type\":\"ImageObject\",\"inLanguage\":\"cs\",\"@id\":\"https:\/\/www.aufik.cz\/#\/schema\/person\/image\/\",\"url\":\"http:\/\/www.aufik.cz\/wp-content\/uploads\/2024\/12\/Pavel1-1.jpg\",\"contentUrl\":\"http:\/\/www.aufik.cz\/wp-content\/uploads\/2024\/12\/Pavel1-1.jpg\",\"width\":302,\"height\":360,\"caption\":\"Pavel Ausfic\u00edr\"},\"logo\":{\"@id\":\"https:\/\/www.aufik.cz\/#\/schema\/person\/image\/\"},\"sameAs\":[\"https:\/\/www.aufik.cz\"]}]}<\/script>\n<!-- \/ Yoast SEO plugin. -->","yoast_head_json":{"title":"Kdo jsem - Aufik","robots":{"index":"index","follow":"follow","max-snippet":"max-snippet:-1","max-image-preview":"max-image-preview:large","max-video-preview":"max-video-preview:-1"},"canonical":"https:\/\/www.aufik.cz\/index.php\/kdo-jsem\/","og_locale":"cs_CZ","og_type":"article","og_title":"Kdo jsem - Aufik","og_description":"Zbran\u011b a st\u0159electv\u00ed m\u011b prov\u00e1zej\u00ed de facto cel\u00fd \u017eivot.Zbran\u011b jako pracovn\u00ed n\u00e1stroj, kon\u00ed\u010dek i z\u00e1bava. Roky nabyt\u00fdch zku\u0161enost\u00ed a dovednost\u00ed v\u00e1m chci p\u0159edat od p\u0159\u00edpravy ke zkou\u0161ce odborn\u00e9 zp\u016fsobilosti pro z\u00edsk\u00e1n\u00ed zbrojn\u00edho pr\u016fkazu a\u017e po kurzy zvy\u0161uj\u00edc\u00ed va\u0161e st\u0159eleck\u00e9 dovednosti.","og_url":"https:\/\/www.aufik.cz\/index.php\/kdo-jsem\/","og_site_name":"Aufik","article_modified_time":"2024-12-28T12:40:08+00:00","og_image":[{"url":"http:\/\/www.aufik.cz\/wp-content\/uploads\/2024\/12\/Pavel1-1.jpg","type":"","width":"","height":""}],"twitter_card":"summary_large_image","twitter_misc":{"Odhadovan\u00e1 doba \u010dten\u00ed":"1 minuta"},"schema":{"@context":"https:\/\/schema.org","@graph":[{"@type":"WebPage","@id":"https:\/\/www.aufik.cz\/index.php\/kdo-jsem\/","url":"https:\/\/www.aufik.cz\/index.php\/kdo-jsem\/","name":"Kdo jsem - Aufik","isPartOf":{"@id":"https:\/\/www.aufik.cz\/#website"},"primaryImageOfPage":{"@id":"https:\/\/www.aufik.cz\/index.php\/kdo-jsem\/#primaryimage"},"image":{"@id":"https:\/\/www.aufik.cz\/index.php\/kdo-jsem\/#primaryimage"},"thumbnailUrl":"http:\/\/www.aufik.cz\/wp-content\/uploads\/2024\/12\/Pavel1-1.jpg","datePublished":"2021-03-09T09:03:37+00:00","dateModified":"2024-12-28T12:40:08+00:00","breadcrumb":{"@id":"https:\/\/www.aufik.cz\/index.php\/kdo-jsem\/#breadcrumb"},"inLanguage":"cs","potentialAction":[{"@type":"ReadAction","target":["https:\/\/www.aufik.cz\/index.php\/kdo-jsem\/"]}]},{"@type":"ImageObject","inLanguage":"cs","@id":"https:\/\/www.aufik.cz\/index.php\/kdo-jsem\/#primaryimage","url":"https:\/\/www.aufik.cz\/wp-content\/uploads\/2024\/12\/Pavel1-1.jpg","contentUrl":"https:\/\/www.aufik.cz\/wp-content\/uploads\/2024\/12\/Pavel1-1.jpg","width":302,"height":360,"caption":"Pavel Ausfic\u00edr"},{"@type":"BreadcrumbList","@id":"https:\/\/www.aufik.cz\/index.php\/kdo-jsem\/#breadcrumb","itemListElement":[{"@type":"ListItem","position":1,"name":"Home","item":"https:\/\/www.aufik.cz\/"},{"@type":"ListItem","position":2,"name":"Kdo jsem"}]},{"@type":"WebSite","@id":"https:\/\/www.aufik.cz\/#website","url":"https:\/\/www.aufik.cz\/","name":"Aufik","description":"","publisher":{"@id":"https:\/\/www.aufik.cz\/#\/schema\/person\/6542b56f49c45be6696e38393dbca330"},"potentialAction":[{"@type":"SearchAction","target":{"@type":"EntryPoint","urlTemplate":"https:\/\/www.aufik.cz\/?s={search_term_string}"},"query-input":{"@type":"PropertyValueSpecification","valueRequired":true,"valueName":"search_term_string"}}],"inLanguage":"cs"},{"@type":["Person","Organization"],"@id":"https:\/\/www.aufik.cz\/#\/schema\/person\/6542b56f49c45be6696e38393dbca330","name":"Pavel Ausfic\u00edr","image":{"@type":"ImageObject","inLanguage":"cs","@id":"https:\/\/www.aufik.cz\/#\/schema\/person\/image\/","url":"http:\/\/www.aufik.cz\/wp-content\/uploads\/2024\/12\/Pavel1-1.jpg","contentUrl":"http:\/\/www.aufik.cz\/wp-content\/uploads\/2024\/12\/Pavel1-1.jpg","width":302,"height":360,"caption":"Pavel Ausfic\u00edr"},"logo":{"@id":"https:\/\/www.aufik.cz\/#\/schema\/person\/image\/"},"sameAs":["https:\/\/www.aufik.cz"]}]}},"_links":{"self":[{"href":"https:\/\/www.aufik.cz\/index.php\/wp-json\/wp\/v2\/pages\/2429","targetHints":{"allow":["GET"]}}],"collection":[{"href":"https:\/\/www.aufik.cz\/index.php\/wp-json\/wp\/v2\/pages"}],"about":[{"href":"https:\/\/www.aufik.cz\/index.php\/wp-json\/wp\/v2\/types\/page"}],"author":[{"embeddable":true,"href":"https:\/\/www.aufik.cz\/index.php\/wp-json\/wp\/v2\/users\/1"}],"replies":[{"embeddable":true,"href":"https:\/\/www.aufik.cz\/index.php\/wp-json\/wp\/v2\/comments?post=2429"}],"version-history":[{"count":13,"href":"https:\/\/www.aufik.cz\/index.php\/wp-json\/wp\/v2\/pages\/2429\/revisions"}],"predecessor-version":[{"id":2557,"href":"https:\/\/www.aufik.cz\/index.php\/wp-json\/wp\/v2\/pages\/2429\/revisions\/2557"}],"wp:attachment":[{"href":"https:\/\/www.aufik.cz\/index.php\/wp-json\/wp\/v2\/media?parent=2429"}],"curies":[{"name":"wp","href":"https:\/\/api.w.org\/{rel}","templated":true}]}}